{"id":987955,"date":"2025-09-30T23:38:43","date_gmt":"2025-09-30T20:38:43","guid":{"rendered":"https:\/\/www.modazenmobilya.com.tr\/?post_type=product&#038;p=987955"},"modified":"2025-10-11T12:48:52","modified_gmt":"2025-10-11T09:48:52","slug":"bohem-koltuk-takimi-3311","status":"publish","type":"product","link":"https:\/\/www.modazenmobilya.com.tr\/?product=bohem-koltuk-takimi-3311","title":{"rendered":"Bohem Koltuk Tak\u0131m\u0131 3+3+1+1"},"content":{"rendered":"<div class=\"vgblk-rw-wrapper limit-wrapper\">\n<p data-start=\"124\" data-end=\"503\"><strong data-start=\"124\" data-end=\"174\">Moda Mobilya \u0130ki \u00dc\u00e7l\u00fc \u0130ki Berjer Koltuk Tak\u0131m\u0131<\/strong>, salonlar\u0131n\u0131za hem \u015f\u0131kl\u0131k hem de konfor katmak i\u00e7in tasarland\u0131. \u0130ki adet geni\u015f \u00fc\u00e7l\u00fc koltuk ve iki adet zarif berjerden olu\u015fan bu \u00f6zel tak\u0131m, misafirlerinizi a\u011f\u0131rlarken size geni\u015f oturum alan\u0131 sunar. Modern tasar\u0131m\u0131, kaliteli d\u00f6\u015femesi ve dayan\u0131kl\u0131 iskelet yap\u0131s\u0131 ile uzun y\u0131llar g\u00fcvenle kullanabilece\u011finiz bir mobilya grubudur.<\/p>\n<p data-start=\"505\" data-end=\"770\">Her oturma odas\u0131na uyum sa\u011flayacak farkl\u0131 renk ve kuma\u015f se\u00e7enekleri ile sat\u0131\u015fa sunulan iki \u00fc\u00e7l\u00fc iki berjer koltuk tak\u0131m\u0131, hem klasik hem de modern dekorasyon tarz\u0131na kolayca adapte olur. Konforlu minder yap\u0131s\u0131 sayesinde uzun s\u00fcre oturmalarda bile rahatl\u0131k sa\u011flar.<\/p>\n<p data-start=\"772\" data-end=\"1034\"><strong data-start=\"772\" data-end=\"803\">\u00dccretsiz nakliye ve kurulum<\/strong>, <strong data-start=\"805\" data-end=\"843\">\u00f6n \u00f6deme veya kapora olmadan sat\u0131\u015f<\/strong>, ayr\u0131ca <strong data-start=\"852\" data-end=\"883\">kredi kart\u0131na taksit imkan\u0131<\/strong> ile Moda Mobilya ayr\u0131cal\u0131\u011f\u0131n\u0131 ya\u015fayabilirsiniz. Uygun fiyat avantajlar\u0131yla sat\u0131\u015fa sundu\u011fumuz bu \u00f6zel koltuk tak\u0131m\u0131, evinizin en g\u00f6zde k\u00f6\u015fesi olacak.<\/p>\n<p data-start=\"1036\" data-end=\"1256\">Yalova ve \u00e7evresinde koltuk tak\u0131m\u0131 arayanlar i\u00e7in Moda Mobilya, \u015f\u0131kl\u0131k ve fonksiyonelli\u011fi bir arada sunmaya devam ediyor. \u0130ki \u00fc\u00e7l\u00fc iki berjer koltuk tak\u0131m\u0131yla salonunuza zarafet, rahatl\u0131k ve kaliteyi bir arada getirin.<\/p>\n<\/div>\n<p><!-- .vgblk-rw-wrapper --><\/p>\n","protected":false},"excerpt":{"rendered":"<p><strong data-start=\"124\" data-end=\"174\">Moda Mobilya \u0130ki \u00dc\u00e7l\u00fc \u0130ki Berjer Koltuk Tak\u0131m\u0131<\/strong>, salonlar\u0131n\u0131za hem \u015f\u0131kl\u0131k hem de konfor katmak i\u00e7in tasarland\u0131. \u0130ki adet geni\u015f \u00fc\u00e7l\u00fc koltuk ve iki adet zarif berjerden olu\u015fan bu \u00f6zel tak\u0131m, misafirlerinizi a\u011f\u0131rlarken size geni\u015f oturum alan\u0131 sunar. Modern tasar\u0131m\u0131, kaliteli d\u00f6\u015femesi ve dayan\u0131kl\u0131 iskelet yap\u0131s\u0131 ile uzun y\u0131llar g\u00fcvenle kullanabilece\u011finiz bir mobilya grubudur.<\/p>\n","protected":false},"featured_media":987956,"comment_status":"closed","ping_status":"closed","template":"","meta":[],"product_brand":[],"product_cat":[75],"product_tag":[164],"class_list":{"0":"post-987955","1":"product","2":"type-product","3":"status-publish","4":"has-post-thumbnail","6":"product_cat-oturma-odasi","7":"product_tag-tek-kisilik-baza-baslik-yatak-takimi","9":"first","10":"instock","11":"shipping-taxable","12":"product-type-simple"},"_links":{"self":[{"href":"https:\/\/www.modazenmobilya.com.tr\/index.php?rest_route=\/wp\/v2\/product\/987955","targetHints":{"allow":["GET"]}}],"collection":[{"href":"https:\/\/www.modazenmobilya.com.tr\/index.php?rest_route=\/wp\/v2\/product"}],"about":[{"href":"https:\/\/www.modazenmobilya.com.tr\/index.php?rest_route=\/wp\/v2\/types\/product"}],"replies":[{"embeddable":true,"href":"https:\/\/www.modazenmobilya.com.tr\/index.php?rest_route=%2Fwp%2Fv2%2Fcomments&post=987955"}],"version-history":[{"count":1,"href":"https:\/\/www.modazenmobilya.com.tr\/index.php?rest_route=\/wp\/v2\/product\/987955\/revisions"}],"predecessor-version":[{"id":987967,"href":"https:\/\/www.modazenmobilya.com.tr\/index.php?rest_route=\/wp\/v2\/product\/987955\/revisions\/987967"}],"wp:featuredmedia":[{"embeddable":true,"href":"https:\/\/www.modazenmobilya.com.tr\/index.php?rest_route=\/wp\/v2\/media\/987956"}],"wp:attachment":[{"href":"https:\/\/www.modazenmobilya.com.tr\/index.php?rest_route=%2Fwp%2Fv2%2Fmedia&parent=987955"}],"wp:term":[{"taxonomy":"product_brand","embeddable":true,"href":"https:\/\/www.modazenmobilya.com.tr\/index.php?rest_route=%2Fwp%2Fv2%2Fproduct_brand&post=987955"},{"taxonomy":"product_cat","embeddable":true,"href":"https:\/\/www.modazenmobilya.com.tr\/index.php?rest_route=%2Fwp%2Fv2%2Fproduct_cat&post=987955"},{"taxonomy":"product_tag","embeddable":true,"href":"https:\/\/www.modazenmobilya.com.tr\/index.php?rest_route=%2Fwp%2Fv2%2Fproduct_tag&post=987955"}],"curies":[{"name":"wp","href":"https:\/\/api.w.org\/{rel}","templated":true}]}}